 k - 6*k - 73 = -3*x. Calculate the remainder when x is divided by 2/(l + (-4)/(-22)).
10
Let p be ((-34)/8)/((-1)/(-4)). Let s = p + 24. Calculate the remainder when 13 is divided by s.
6
Suppose h - 1 = 12. Calculate the remainder when 62 is divided by h.
10
Let w(a) = -2*a**2 + 20*a + 9. Let i(d) = -d**2 + 10*d + 4. Let f(q) = -5*i(q) + 2*w(q). What is the remainder when f(13) is divided by 10?
7
Let h(b) = -b**3 + 6*b**2 + 7*b. Let a be 3/(-1*1/(-2)). Suppose 0 = 4*g - 20, 4*w = a*w - g - 25. Calculate the remainder when h(6) is divided by w.
12
Let u be (-2)/2 - (-7 - -1). Suppose -u*a + 46 + 19 = 0. Let z = -7 + 14. What is the remainder when a is divided by z?
6
Suppose 0 = r - 2 - 1. Suppose -3*y - y = -200. Calculate the remainder when y is divided by 18 - -1*(r - 4).
16
Suppose 2*d = u - 3*d + 4, -3*d = -5*u - 20. Let p = 0 - u. Suppose 2*o = -o - 5*j + 26, 0 = 4*o - 3*j + p. Calculate the remainder when o is divided by 2.
0
Let a = 70 - 47. Suppose y = 5 - 8. Let n(k) = k**3 + 4*k**2 + 3. What is the remainder when a is divided by n(y)?
11
Let v = 1 + 22. What is the remainder when 44 is divided by v?
21
Let w(v) = v**2 - 3*v - 9. Suppose -4*f + i - 4*i + 52 = 0, -2*f = -5*i. Let h(x) = 2*x**2 - 14*x - 5. What is the remainder when h(f) is divided by w(7)?
17
Suppose -z + 20 = 4*z. Suppose 0 = 2*u - z*u + 34. Calculate the remainder when u is divided by 5 + -1 + (0 - -2).
5
Suppose 2*z - 6*w = -2*w - 10, z + 5*w = 30. Let a(d) = d**2 + d + 15. Let i be a(0). Let p = i - z. What is the remainder when 18 is divided by p?
8
Suppose -60 = -65*b + 60*b. Calculate the remainder when 40 is divided by b.
4
Let m(y) = y**3 - 3*y**2 - 3*y - 3. Let r = -43 - -27. Let z = -5 - r. What is the remainder when m(5) is divided by z?
10
Let r(p) = -1 - 3*p + 2 + p - 4*p. Let o = 3 + -4. Calculate the remainder when r(o) is divided by 5.
2
Suppose 0 = 4*n + n - 35. What is the remainder when 26 is divided by n?
5
Let y(l) = -l**3 + 2*l**2 - 1. Suppose 3*x = -3*p + 129, 0*p + 2*x = -3*p + 130. What is the remainder when p is divided by y(-2)?
14
Let d = 0 - 0. Suppose -2*j - 10 = d, -113 = 4*s - 7*s + 4*j. What is the remainder when s is divided by -12*(1 + -2) + -1?
9
Suppose 4*w - l - l = 58, 0 = 4*w + 2*l - 70. Suppose 0*o + 2*o = w. Calculate the remainder when 31 is divided by o.
7
Let r(v) = -v**2 - 10*v + 2. Suppose 5*s - 20 = 0, 4*k + 45 = 2*s + 9. What is the remainder when r(k) is divided by 12?
11
Let f(s) = 2*s + 1. Calculate the remainder when 22 is divided by f(4).
4
Suppose j = -4*h + 22, 0*j - 3*j = -h - 14. Calculate the remainder when 16 is divided by j.
4
Let n be (-12)/(-4) - 3*-1. Let j(q) = q**2 - 4*q. What is the remainder when 23 is divided by j(n)?
11
Let z = -63 + 106. Let l = -26 - -41. What is the remainder when z is divided by l?
13
Let f be 3/(-6) + (-18)/(-4). Let l(i) = i**2 + 2*i - 6. Calculate the remainder when 34 is divided by l(f).
16
What is the remainder when (2 + -3)*-1 + 92 is divided by 24?
21
Let d = 13 - 8. Let c = 19 + 5. Suppose d*j - 41 = c. What is the remainder when 24 is divided by j?
11
Let y(l) = 2*l**2 + 1. What is the remainder when y(4) is divided by 9?
6
Let k(f) = f**2 - 7*f + 10. Let c be k(7). Suppose 5*o + 0*d - 2*d = 99, 4*d = o - 9. What is the remainder when (-14)/35 + 604/c is divided by o?
18
Calculate the remainder when 4/(12/105) + 3 is divided by 10.
8
Let q be (4/8 - 1)*-16. Suppose 0 = -2*m + 1 + 5. Suppose -m*f = -f - q. Calculate the remainder when 7 is divided by f.
3
Let a = 30 + -2. Let s = 14 - a. What is the remainder when 40 is divided by (1 - 0) + -1 - s?
12
Let b(w) = w**3 - 4*w**2 + 3*w + 8. Calculate the remainder when b(6) is divided by 25.
23
Suppose -5*z + 3*z + 4 = 0. What is the remainder when 3 is divided by z?
1
Let m(p) = p**3 - 7*p**2 - 2*p - 10. What is the remainder when m(8) is divided by 10?
8
Let l = -9 - -13. Suppose -l*k + 2*k + 6 = -3*d, 5*d - 28 = -3*k. Calculate the remainder when ((-2)/(-3) + -1)*-33 is divided by k.
5
Let y(d) be the first derivative of -d**4/4 - 4*d**3/3 - d**2 + d - 8. Calculate the remainder when 33 is divided by y(-4).
6
Let z = -28 + 50. What is the remainder when 50 is divided by -1 + 2 + 3 + z?
24
Suppose 0*u - 38 = -2*u. Suppose -3*c = 4*x + 3, -2 = 4*c + 2. What is the remainder when -8*((-18)/4 + x) is divided by u?
17
Let r = 1 - -1. Suppose 7*v = r*v - 15. Let p = 11 + v. Calculate the remainder when 14 is divided by p.
6
Let x(t) = -t**3 + 2*t**2 - 1. What is the remainder when (-2 - (-2)/3)*-3 is divided by x(-1)?
0
Suppose -y + 3*x + 25 = x, 0 = -4*y - x + 100. Calculate the remainder when y is divided by 14.
11
Let z(v) = 3*v**2 - 3. Let r(c) = c + 25. Calculate the remainder when r(0) is divided by z(-2).
7
Suppose -2*s + 2 = -10. Suppose -s*r = -r - 45. Calculate the remainder when 26 is divided by r.
8
What is the remainder when 3 is divided by 3/(-4 - -1 - -4)?
0
Suppose -4*f = -5*c - 5, 4*c = f - 0*c + 7. Suppose -2*w + 4*v + 4 = 0, v - 20 = -5*w + 1. What is the remainder when f is divided by w?
1
Suppose -1 + 12 = a. Let q = 0 + a. What is the remainder when 43 is divided by q?
10
Let j(c) be the third derivative of -c**6/60 - c**5/60 + c**4/12 + 3*c**2. What is the remainder when 14 is divided by j(-2)?
6
Let v(m) be the third derivative of m**4/24 + m**3/2 + 3*m**2. Calculate the remainder when 26 is divided by v(11).
12
Let s be 10 + ((-3)/3)/(-1). Suppose 0*x = -x + s. Calculate the remainder when 20 is divided by x.
9
Let q = -3 - -22. Calculate the remainder when 73 is divided by q.
16
Let k(l) = -l + 15. Let g be k(7). Let w = 31 - g. What is the remainder when 44 is divided by w?
21
Suppose q - 3*q - 20 = 0. Let c = q + 20. Let m = 36 + -19. What is the remainder when m is divided by c?
7
What is the remainder when 33 is divided by ((-10)/6)/((-91)/42 - -2)?
3
Let c = -29 - -41. What is the remainder when c is divided by 5?
2
Let r(i) = 7*i - 2. Let j be r(2). Suppose 3*z - 27 - j = 0. Suppose 63 = 5*b + z. What is the remainder when b is divided by 4?
2
Let k = -6 + 5. Suppose 168 = -q + 4*q. Calculate the remainder when q is divided by (38/6)/(k/(-3)).
18
Let q = 3 - -24. Suppose -5*g - 183 = -3*p, p - 4*g - 34 - q = 0. What is the remainder when p is divided by 21?
19
Let z = 56 - 43. Calculate the remainder when (108/(-14))/((-3)/14) is divided by z.
10
Suppose p = 2*b - 27, 81 = 5*b - 4*p + 6*p. What is the remainder when 41 is divided by b?
11
What is the remainder when (-1 - 586/(-8)) + (-13)/52 is divided by 38?
34
Suppose -3*o - 2*o = 30. What is the remainder when 15 + 4*o/(-8) is divided by 10?
8
Let m(j) = -29*j - 1. Let l be m(1). Let z = -46 - l. Calculate the remainder when 17 is divided by ((-12)/z)/(1/12).
8
Let r(l) = -l**2 - 10*l - 4. What is the remainder when 21 is divided by r(-8)?
9
Suppose -2*u + 10 = 5*t + 3*u, -3*t + 2*u = -1. Let x(v) = 230*v**3 - v. Let w be x(t). Calculate the remainder when (-2)/(-7) + w/7 is divided by 17.
16
Let c(h) = -2*h - 5. Calculate the remainder when 27 is divided by c(-6).
6
Suppose 0 = -2*b - z - 9, 3*b - 6 - 8 = 4*z. Let f = -2 - b. Suppose f = y - 2 - 17. Calculate the remainder when y is divided by 7.
5
Suppose 4*j = -3*y + 186, -j - y = -5*y - 37. Calculate the remainder when j is divided by 24.
21
Let f = 2 + 0. Suppose -6*p + f*p = 0. Suppose p = -0*o - 4*o + 220. Calculate the remainder when o is divided by 19.
17
Suppose 51 = 2*w + w. Let d be (18/(-12))/(2/4). What is the remainder when w is divided by -1 + 10/(-3)*d?
8
Let b = 26 - 15. What is the remainder when 40 is divided by b?
7
Let l(j) = j**3 - 17*j**2 - 33*j - 11. What is the remainder when l(19) is divided by 43?
41
Suppose 2*c - 3*c = -2*k + 46, 2*k - 50 = -c. What is the remainder when 42 is divided by k?
18
Let m(o) = o**2 + o - 5. Let a(i) = 4*i + 1 - 1 - 3. Calculate the remainder when a(4) is divided by m(3).
6
Let n(y) = 3*y**2 + 12*y + 4. Let b(h) = -2*h**2 - 11*h - 5. Let o(i) = -4*b(i) - 3*n(i). What is the remainder when o(7) is divided by 8?
7
Suppose -2*a + 5*o + 32 = -10, 0 = a + 5*o - 36. Calculate the remainder when a is divided by 10.
6
Let v = 2 - 7. Let t = 34 + v. Let o(y) = -10*y**3. Calculate the remainder when t is divided by o(-1).
9
Suppose d - 25 =